+ v = 0. What is the remainder when i is divided by 20?
19
Suppose -1 = -n + 14. Suppose 19 - 5 = 4*l + z, 5*l = 4*z + 28. Calculate the remainder when n is divided by l.
3
Suppose 9 + 9 = q. Let d = q + 20. Let p = -30 - -43. Calculate the remainder when d is divided by p.
12
Let h(x) = -46*x**3 - 2*x**2 - 2*x - 1. Let d = 8 + -6. Suppose -3*a - 13 = -0*r - 2*r, d*a - r + 7 = 0. What is the remainder when h(a) is divided by 16?
13
Let z be 208 - ((-8)/(-2) - 1). Suppose -2*q + z = -47. Suppose q = 5*x + 1. What is the remainder when x is divided by 13?
12
Let a(v) = -v**2 - 7*v + 8. Let l be a(-6). Suppose -10 = -3*w + l. Calculate the remainder when 23 is divided by w.
7
Let r(g) = -g**3 + 12*g**2 + 12*g + 13. Let v be r(13). What is the remainder when 4/(v - 1/(-6)) is divided by 9?
6
Suppose 2*m + 8 = 6*m. Let n be m/6*3 + -3. Calculate the remainder when 46 is divided by (32/6)/(n/(-6)).
14
Let r = 0 + 4. Let q be (r/(-10))/(3/(-15)). Suppose -q*w - 14 = -4*c + c, 7 = -c + 3*w. What is the remainder when 15 is divided by c?
7
Let o = 4 + 5. What is the remainder when o is divided by 5?
4
Suppose 0 = 2*d + 3*d. Suppose m + 4*u - 24 = d, 3*m + 0*u - 40 = -4*u. Calculate the remainder when 15 is divided by m.
7
Suppose 5*u = 4*m, 3*u - 5*u - 2*m = 0. Let j(n) = n**2 - n + 19. Calculate the remainder when j(u) is divided by 7.
5
Suppose -8*r = -3*r - 80. Calculate the remainder when 28 is divided by r.
12
Suppose 0 = -4*a - 5*y + 20, a - 1 = 3*y + 4. Suppose -16 = -a*l + o, 6 = 2*l - o - 1. What is the remainder when l is divided by 2?
1
Suppose -3*u - o = -418, 5*o = 4*o + 4. Calculate the remainder when u is divided by 35.
33
Let c be ((-4)/5)/(4/(-30)). Let v = 11 - c. Let r = -16 - -30. What is the remainder when r is divided by v?
4
Suppose -5*d = -0*d - 15. Suppose 0 = 2*u - 3*u - 3*p + 22, d*u - 5*p - 10 = 0. Calculate the remainder when 19 is divided by u.
9
Suppose -7 = -2*j + 7. Suppose 3*f + 29*f - 608 = 0. What is the remainder when f is divided by j?
5
Let y(x) = 13*x - 7. Let o be y(3). Let k = o - -10. What is the remainder when k is divided by 15?
12
Suppose 4*o - o - r - 60 = 0, 2*r - 48 = -2*o. What is the remainder when 37 is divided by o?
16
Suppose 5*w = 3*z - 49, -2*w - 2*w + 57 = 5*z. Let b = 27 - z. What is the remainder when b is divided by 8?
6
Let d(l) = l**3 - 7*l**2 + 6*l + 5. Suppose 16 + 2 = 3*m. Calculate the remainder when 1/3*(-27)/(-1) is divided by d(m).
4
Let k = -12 + 15. What is the remainder when 3 is divided by k?
0
Let u = 17 - 8. Let c be (36/(-8))/((-3)/(-8)). Let s = c + 38. What is the remainder when s is divided by u?
8
Suppose 3*p + 105 = 6*p. Suppose 0 = -3*b + f + 30, -5*b + 5*f + 51 = -b. Calculate the remainder when p is divided by b.
8
Let c = -1 - -5. Suppose -3*g - 3*x - x = 2, -3*x - 6 = 0. Calculate the remainder when c is divided by g.
0
Let y = 33 - 28. What is the remainder when 7 is divided by y?
2
Let v(k) = -2*k**3 - 3*k**2 + k - 1. Let g(i) = 3*i**2 - i - 2. Calculate the remainder when g(5) is divided by v(-3).
22
What is the remainder when 9 is divided by 45/24*4/6*4?
4
What is the remainder when ((-6)/(-4))/((-9)/(-300)) is divided by 19?
12
Let g = -28 + 80. Calculate the remainder when g is divided by 18.
16
Let n(u) = -u**2 + 16*u + 51. What is the remainder when 127 is divided by n(15)?
61
Let m = -42 - -71. Calculate the remainder when m is divided by 8.
5
Suppose 5*m - 127 = -0*m + 4*f, -5*m - 3*f + 106 = 0. Calculate the remainder when m is divided by 4.
3
Suppose 0 = 2*b - 3*b + 4*q + 3, 5*b = -3*q + 130. Let u be (6/4)/((-6)/64). Let x = u - -28. What is the remainder when b is divided by x?
11
What is the remainder when ((-5)/(-3) + 1)*33 is divided by 30?
28
Let r(g) = g**3 + 12*g**2 + 10*g + 7. Let b = -2 + 35. What is the remainder when b is divided by r(-11)?
15
Let f(g) = -g**3 - 10*g**2 - 11*g - 13. Calculate the remainder when 18 is divided by f(-9).
3
Let q = 5 - 7. Let x = q - -6. Calculate the remainder when 6 is divided by x.
2
Suppose -y - 4*y + 265 = 0. What is the remainder when y is divided by 14?
11
Suppose 36 = 4*c + 4*t, -2*c + 1 + 2 = -3*t. Let q = -20 - -41. What is the remainder when q is divided by c?
3
What is the remainder when 0 + 40 + (-5 - -5) is divided by 15?
10
Suppose 0*x + x = -5. Let c = x - -12. What is the remainder when 11 is divided by c?
4
Let x = -3 - -28. Suppose 3*v = -0*v - s + x, 14 = 2*v - 2*s. What is the remainder when v is divided by 5?
3
Suppose i = -3*i. Suppose 4*v - 22 - 10 = i. Suppose n + 22 = 5*r, r = -2*n + 8 + 3. Calculate the remainder when v is divided by r.
3
Let c = 16 - -27. What is the remainder when c is divided by 22?
21
Suppose -n = 14 - 67. Calculate the remainder when n is divided by 14.
11
Suppose 109 = b + 13. Calculate the remainder when b is divided by 25.
21
Suppose -3*l + 20 = -b + 1, -l = -b - 3. Suppose l*h - 8 = 4*h. Suppose h*r - 7 + 30 = o, 3*o = -2*r + 69. Calculate the remainder when o is divided by 12.
11
Suppose 36 + 20 = 4*b. Calculate the remainder when b is divided by 8.
6
Suppose h + 5*b = 33, -27 = -3*h - 0*b + 3*b. Let s be 11*1 - (5 - 4). Suppose 3*n - q = 4*q + 36, -q = -n + s. Calculate the remainder when h is divided by n.
6
Suppose -2*s - s - 2*q + 46 = 0, 25 = 5*q. What is the remainder when 35 is divided by s?
11
Suppose -2*x - 2*x = -204. Suppose x = 3*p - 0*p. Calculate the remainder when 31 is divided by p.
14
Let t = 57 - 21. What is the remainder when 107 is divided by t?
35
Suppose -x = 4*n - 19, 3*x - 4*n = -3*n + 5. Let v = -1 + x. What is the remainder when 5 is divided by v?
1
Suppose -9 = 3*v, -c + 5*c + v = 85. Calculate the remainder when 151 is divided by c.
19
Let x(a) be the third derivative of a**6/120 - a**5/30 + a**4/12 + a**3/6 + a**2. Suppose -2*m - 85 = -7*m. What is the remainder when m is divided by x(2)?
2
Suppose 124 = z + 49. What is the remainder when z is divided by 39?
36
Let d be 15 - (-3 - 1)/(-4). Let o = d + -8. What is the remainder when 9 is divided by o?
3
Let b be -2 - (-4 + 1)*16. Suppose -i + m = -0*m - 16, -4*i + b = 5*m. Calculate the remainder when 40 is divided by i.
12
What is the remainder when 58 is divided by 15*((-60)/(-9))/5?
18
Suppose 0 = -v - 4*v + 10. Let z be 22/12 + 1/6. Suppose -2 = z*n + 3*i, 0 = -2*n + 3*i - 8*i - 6. What is the remainder when v is divided by n?
0
Let g = 300 - 274. Let f(q) = 3*q**2 - 4*q - 1. What is the remainder when g is divided by f(3)?
12
What is the remainder when (1 - 51)*2/(-4) is divided by 9?
7
Suppose 2*z + 36 = 4*o - 0*z, -2*z = 5*o - 36. Calculate the remainder when 513/36 + 1/(-4) is divided by o.
6
Let d = 7 + 10. Suppose -4*s + 27 + d = 0. Calculate the remainder when s is divided by 6.
5
Suppose -10 = 3*i - 130. Suppose -w - i = -2*r, 5*r - 3*w - 103 = w. What is the remainder when r is divided by 5?
4
Suppose 4*w - 59 = 2*k - 163, -2*k = 3*w - 132. Let r = -37 + k. What is the remainder when r is divided by 8?
7
Let v(u) = 5*u - 4. Let n be v(-3). Let c = 38 + n. Calculate the remainder when c is divided by 5.
4
Suppose 4*o - 11 = o + 5*d, -4*o + 3*d = -22. Calculate the remainder when 49 is divided by (-6)/(-2) - (o + -21).
15
Suppose -d + 5*u + 6 = 3, -5*d + 5*u = -15. Suppose 26 = d*n - n. Calculate the remainder when n is divided by 7.
6
Let u(w) = w**3 + 2*w**2 - 10*w - 3. What is the remainder when 32 is divided by u(-4)?
2
Calculate the remainder when 1/4*2*(-4 + 278) is divided by 14.
11
Let u(d) be the first derivative of d**3/3 - 4*d**2 + 9*d + 1. Suppose -3*b + 1 = 5*t - 3, 2*b = -t + 5. What is the remainder when b is divided by u(7)?
1
Let m(x) = -43*x + 218. Suppose 1 = -3*l + 4. What is the remainder when m(5) is divided by l?
0
Suppose -2*j + 204 = 3*v, 82 = v - 3*j - j. What is the remainder when v is divided by 18?
16
Suppose 8*q = 62 + 90. What is the remainder when q is divided by 7?
5
Let k = 41 - 21. Suppose -10 = -4*u + 3*u. Calculate the remainder when (-61)/(-1) + (-20)/u is divided by k.
19
Let n(j) = j**3 - 3*j**2 - 4*j - 3. Let x = 178 - 163. Calculate the remainder when n(5) is divided by x.
12
Let u = -18 - -15. Let r(a) = -a**3 - a**2 + a + 4. Calculate the remainder when 74 is divided by r(u).
17
Suppose 0 = 4*r - 31 - 29. Suppose 3*n - r = 9.